{"id":285,"date":"2022-01-12T19:23:27","date_gmt":"2022-01-12T18:23:27","guid":{"rendered":"https:\/\/www.amigosdelcrochet.com\/?page_id=285"},"modified":"2022-02-21T16:11:55","modified_gmt":"2022-02-21T15:11:55","slug":"para-la-casa","status":"publish","type":"page","link":"https:\/\/www.amigosdelcrochet.com\/index.php\/para-la-casa\/","title":{"rendered":"Cactus"},"content":{"rendered":"\t\t<div data-elementor-type=\"wp-page\" data-elementor-id=\"285\" class=\"elementor elementor-285\">\n\t\t\t\t\t\t\t\t\t<section class=\"elementor-section elementor-top-section elementor-element elementor-element-d12ebe9 elementor-section-boxed elementor-section-height-default elementor-section-height-default\" data-id=\"d12ebe9\" data-element_type=\"section\">\n\t\t\t\t\t\t<div class=\"elementor-container elementor-column-gap-default\">\n\t\t\t\t\t<div class=\"elementor-column elementor-col-100 elementor-top-column elementor-element elementor-element-0fe614c\" data-id=\"0fe614c\" data-element_type=\"column\">\n\t\t\t<div class=\"elementor-widget-wrap elementor-element-populated\">\n\t\t\t\t\t\t\t\t<div class=\"elementor-element elementor-element-9020c0d elementor-widget elementor-widget-heading\" data-id=\"9020c0d\" data-element_type=\"widget\" data-widget_type=\"heading.default\">\n\t\t\t\t<div class=\"elementor-widget-container\">\n\t\t\t<style>\/*! elementor - v3.11.2 - 22-02-2023 *\/\n.elementor-heading-title{padding:0;margin:0;line-height:1}.elementor-widget-heading .elementor-heading-title[class*=elementor-size-]>a{color:inherit;font-size:inherit;line-height:inherit}.elementor-widget-heading .elementor-heading-title.elementor-size-small{font-size:15px}.elementor-widget-heading .elementor-heading-title.elementor-size-medium{font-size:19px}.elementor-widget-heading .elementor-heading-title.elementor-size-large{font-size:29px}.elementor-widget-heading .elementor-heading-title.elementor-size-xl{font-size:39px}.elementor-widget-heading .elementor-heading-title.elementor-size-xxl{font-size:59px}<\/style><h2 class=\"elementor-heading-title elementor-size-default\">Estos lindos cactus requieren de pocos cuidados<br> (s\u00f3lo tienes que regarlos con abundantes sonrisas diarias)<\/h2>\t\t<\/div>\n\t\t\t\t<\/div>\n\t\t\t\t\t<\/div>\n\t\t<\/div>\n\t\t\t\t\t\t\t<\/div>\n\t\t<\/section>\n\t\t\t\t<section class=\"elementor-section elementor-top-section elementor-element elementor-element-bc96970 elementor-section-boxed elementor-section-height-default elementor-section-height-default\" data-id=\"bc96970\" data-element_type=\"section\">\n\t\t\t\t\t\t<div class=\"elementor-container elementor-column-gap-default\">\n\t\t\t\t\t<div class=\"elementor-column elementor-col-100 elementor-top-column elementor-element elementor-element-2c7c3e0\" data-id=\"2c7c3e0\" data-element_type=\"column\">\n\t\t\t<div class=\"elementor-widget-wrap elementor-element-populated\">\n\t\t\t\t\t\t\t\t<div class=\"elementor-element elementor-element-daecacf elementor-align-center elementor-widget elementor-widget-button\" data-id=\"daecacf\" data-element_type=\"widget\" data-widget_type=\"button.default\">\n\t\t\t\t<div class=\"elementor-widget-container\">\n\t\t\t\t\t<div class=\"elementor-button-wrapper\">\n\t\t\t<a href=\"https:\/\/instagram.com\/knittingfriends_manualidades\" class=\"elementor-button-link elementor-button elementor-size-sm\" role=\"button\">\n\t\t\t\t\t\t<span class=\"elementor-button-content-wrapper\">\n\t\t\t\t\t\t<span class=\"elementor-button-text\">Haz clic aqu\u00ed<\/span>\n\t\t<\/span>\n\t\t\t\t\t<\/a>\n\t\t<\/div>\n\t\t\t\t<\/div>\n\t\t\t\t<\/div>\n\t\t\t\t\t<\/div>\n\t\t<\/div>\n\t\t\t\t\t\t\t<\/div>\n\t\t<\/section>\n\t\t\t\t<section class=\"elementor-section elementor-top-section elementor-element elementor-element-021f343 elementor-section-boxed elementor-section-height-default elementor-section-height-default\" data-id=\"021f343\" data-element_type=\"section\">\n\t\t\t\t\t\t<div class=\"elementor-container elementor-column-gap-default\">\n\t\t\t\t\t<div class=\"elementor-column elementor-col-33 elementor-top-column elementor-element elementor-element-43c30a3\" data-id=\"43c30a3\" data-element_type=\"column\">\n\t\t\t<div class=\"elementor-widget-wrap elementor-element-populated\">\n\t\t\t\t\t\t\t\t<div class=\"elementor-element elementor-element-ca3dc78 elementor-widget elementor-widget-image\" data-id=\"ca3dc78\" data-element_type=\"widget\" data-widget_type=\"image.default\">\n\t\t\t\t<div class=\"elementor-widget-container\">\n\t\t\t<style>\/*! elementor - v3.11.2 - 22-02-2023 *\/\n.elementor-widget-image{text-align:center}.elementor-widget-image a{display:inline-block}.elementor-widget-image a img[src$=\".svg\"]{width:48px}.elementor-widget-image img{vertical-align:middle;display:inline-block}<\/style>\t\t\t\t\t\t\t\t\t\t\t\t<img loading=\"lazy\" decoding=\"async\" width=\"1024\" height=\"848\" src=\"https:\/\/www.amigosdelcrochet.com\/wp-content\/uploads\/2022\/01\/20211205_170515-1024x848.jpg\" class=\"attachment-large size-large wp-image-402\" alt=\"\" srcset=\"https:\/\/www.amigosdelcrochet.com\/wp-content\/uploads\/2022\/01\/20211205_170515-1024x848.jpg 1024w, https:\/\/www.amigosdelcrochet.com\/wp-content\/uploads\/2022\/01\/20211205_170515-300x248.jpg 300w, https:\/\/www.amigosdelcrochet.com\/wp-content\/uploads\/2022\/01\/20211205_170515-768x636.jpg 768w, https:\/\/www.amigosdelcrochet.com\/wp-content\/uploads\/2022\/01\/20211205_170515-1536x1272.jpg 1536w, https:\/\/www.amigosdelcrochet.com\/wp-content\/uploads\/2022\/01\/20211205_170515-2048x1696.jpg 2048w, https:\/\/www.amigosdelcrochet.com\/wp-content\/uploads\/2022\/01\/20211205_170515-1304x1080.jpg 1304w\" sizes=\"auto, (max-width: 1024px) 100vw, 1024px\" \/>\t\t\t\t\t\t\t\t\t\t\t\t\t\t\t<\/div>\n\t\t\t\t<\/div>\n\t\t\t\t\t<\/div>\n\t\t<\/div>\n\t\t\t\t<div class=\"elementor-column elementor-col-33 elementor-top-column elementor-element elementor-element-eff0df5\" data-id=\"eff0df5\" data-element_type=\"column\">\n\t\t\t<div class=\"elementor-widget-wrap elementor-element-populated\">\n\t\t\t\t\t\t\t\t<div class=\"elementor-element elementor-element-1997a55 elementor-widget elementor-widget-image\" data-id=\"1997a55\" data-element_type=\"widget\" data-widget_type=\"image.default\">\n\t\t\t\t<div class=\"elementor-widget-container\">\n\t\t\t\t\t\t\t\t\t\t\t\t\t\t\t<img loading=\"lazy\" decoding=\"async\" width=\"949\" height=\"1024\" src=\"https:\/\/www.amigosdelcrochet.com\/wp-content\/uploads\/2022\/02\/WhatsApp-Image-2022-02-21-at-3.56.18-PM-1-949x1024.jpeg\" class=\"attachment-large size-large wp-image-867\" alt=\"\" srcset=\"https:\/\/www.amigosdelcrochet.com\/wp-content\/uploads\/2022\/02\/WhatsApp-Image-2022-02-21-at-3.56.18-PM-1-949x1024.jpeg 949w, https:\/\/www.amigosdelcrochet.com\/wp-content\/uploads\/2022\/02\/WhatsApp-Image-2022-02-21-at-3.56.18-PM-1-278x300.jpeg 278w, https:\/\/www.amigosdelcrochet.com\/wp-content\/uploads\/2022\/02\/WhatsApp-Image-2022-02-21-at-3.56.18-PM-1-768x829.jpeg 768w, https:\/\/www.amigosdelcrochet.com\/wp-content\/uploads\/2022\/02\/WhatsApp-Image-2022-02-21-at-3.56.18-PM-1.jpeg 1001w\" sizes=\"auto, (max-width: 949px) 100vw, 949px\" \/>\t\t\t\t\t\t\t\t\t\t\t\t\t\t\t<\/div>\n\t\t\t\t<\/div>\n\t\t\t\t\t<\/div>\n\t\t<\/div>\n\t\t\t\t<div class=\"elementor-column elementor-col-33 elementor-top-column elementor-element elementor-element-5b5f29e\" data-id=\"5b5f29e\" data-element_type=\"column\">\n\t\t\t<div class=\"elementor-widget-wrap elementor-element-populated\">\n\t\t\t\t\t\t\t\t<div class=\"elementor-element elementor-element-e44a162 elementor-widget elementor-widget-image\" data-id=\"e44a162\" data-element_type=\"widget\" data-widget_type=\"image.default\">\n\t\t\t\t<div class=\"elementor-widget-container\">\n\t\t\t\t\t\t\t\t\t\t\t\t\t\t\t<img loading=\"lazy\" decoding=\"async\" width=\"768\" height=\"1024\" src=\"https:\/\/www.amigosdelcrochet.com\/wp-content\/uploads\/2022\/01\/20211018_171238-768x1024.jpg\" class=\"attachment-large size-large wp-image-401\" alt=\"\" srcset=\"https:\/\/www.amigosdelcrochet.com\/wp-content\/uploads\/2022\/01\/20211018_171238-768x1024.jpg 768w, https:\/\/www.amigosdelcrochet.com\/wp-content\/uploads\/2022\/01\/20211018_171238-225x300.jpg 225w, https:\/\/www.amigosdelcrochet.com\/wp-content\/uploads\/2022\/01\/20211018_171238-1152x1536.jpg 1152w, https:\/\/www.amigosdelcrochet.com\/wp-content\/uploads\/2022\/01\/20211018_171238-1536x2048.jpg 1536w, https:\/\/www.amigosdelcrochet.com\/wp-content\/uploads\/2022\/01\/20211018_171238-1024x1365.jpg 1024w, https:\/\/www.amigosdelcrochet.com\/wp-content\/uploads\/2022\/01\/20211018_171238-810x1080.jpg 810w, https:\/\/www.amigosdelcrochet.com\/wp-content\/uploads\/2022\/01\/20211018_171238-scaled.jpg 1920w\" sizes=\"auto, (max-width: 768px) 100vw, 768px\" \/>\t\t\t\t\t\t\t\t\t\t\t\t\t\t\t<\/div>\n\t\t\t\t<\/div>\n\t\t\t\t\t<\/div>\n\t\t<\/div>\n\t\t\t\t\t\t\t<\/div>\n\t\t<\/section>\n\t\t\t\t<section class=\"elementor-section elementor-top-section elementor-element elementor-element-455ff75 elementor-section-boxed elementor-section-height-default elementor-section-height-default\" data-id=\"455ff75\" data-element_type=\"section\">\n\t\t\t\t\t\t<div class=\"elementor-container elementor-column-gap-default\">\n\t\t\t\t\t<div class=\"elementor-column elementor-col-33 elementor-top-column elementor-element elementor-element-5ac23b0\" data-id=\"5ac23b0\" data-element_type=\"column\">\n\t\t\t<div class=\"elementor-widget-wrap elementor-element-populated\">\n\t\t\t\t\t\t\t\t<div class=\"elementor-element elementor-element-116278e elementor-widget elementor-widget-image\" data-id=\"116278e\" data-element_type=\"widget\" data-widget_type=\"image.default\">\n\t\t\t\t<div class=\"elementor-widget-container\">\n\t\t\t\t\t\t\t\t\t\t\t\t\t\t\t<img loading=\"lazy\" decoding=\"async\" width=\"915\" height=\"1024\" src=\"https:\/\/www.amigosdelcrochet.com\/wp-content\/uploads\/2022\/02\/WhatsApp-Image-2022-02-21-at-3.56.18-PM-915x1024.jpeg\" class=\"attachment-large size-large wp-image-868\" alt=\"\" srcset=\"https:\/\/www.amigosdelcrochet.com\/wp-content\/uploads\/2022\/02\/WhatsApp-Image-2022-02-21-at-3.56.18-PM-915x1024.jpeg 915w, https:\/\/www.amigosdelcrochet.com\/wp-content\/uploads\/2022\/02\/WhatsApp-Image-2022-02-21-at-3.56.18-PM-268x300.jpeg 268w, https:\/\/www.amigosdelcrochet.com\/wp-content\/uploads\/2022\/02\/WhatsApp-Image-2022-02-21-at-3.56.18-PM-768x860.jpeg 768w, https:\/\/www.amigosdelcrochet.com\/wp-content\/uploads\/2022\/02\/WhatsApp-Image-2022-02-21-at-3.56.18-PM.jpeg 965w\" sizes=\"auto, (max-width: 915px) 100vw, 915px\" \/>\t\t\t\t\t\t\t\t\t\t\t\t\t\t\t<\/div>\n\t\t\t\t<\/div>\n\t\t\t\t\t<\/div>\n\t\t<\/div>\n\t\t\t\t<div class=\"elementor-column elementor-col-33 elementor-top-column elementor-element elementor-element-f51cb1d\" data-id=\"f51cb1d\" data-element_type=\"column\">\n\t\t\t<div class=\"elementor-widget-wrap elementor-element-populated\">\n\t\t\t\t\t\t\t\t<div class=\"elementor-element elementor-element-8403b70 elementor-widget elementor-widget-image\" data-id=\"8403b70\" data-element_type=\"widget\" data-widget_type=\"image.default\">\n\t\t\t\t<div class=\"elementor-widget-container\">\n\t\t\t\t\t\t\t\t\t\t\t\t\t\t\t<img loading=\"lazy\" decoding=\"async\" width=\"980\" height=\"1024\" src=\"https:\/\/www.amigosdelcrochet.com\/wp-content\/uploads\/2022\/02\/WhatsApp-Image-2022-02-21-at-3.56.17-PM-3-980x1024.jpeg\" class=\"attachment-large size-large wp-image-869\" alt=\"\" srcset=\"https:\/\/www.amigosdelcrochet.com\/wp-content\/uploads\/2022\/02\/WhatsApp-Image-2022-02-21-at-3.56.17-PM-3-980x1024.jpeg 980w, https:\/\/www.amigosdelcrochet.com\/wp-content\/uploads\/2022\/02\/WhatsApp-Image-2022-02-21-at-3.56.17-PM-3-287x300.jpeg 287w, https:\/\/www.amigosdelcrochet.com\/wp-content\/uploads\/2022\/02\/WhatsApp-Image-2022-02-21-at-3.56.17-PM-3-768x802.jpeg 768w, https:\/\/www.amigosdelcrochet.com\/wp-content\/uploads\/2022\/02\/WhatsApp-Image-2022-02-21-at-3.56.17-PM-3-1024x1070.jpeg 1024w, https:\/\/www.amigosdelcrochet.com\/wp-content\/uploads\/2022\/02\/WhatsApp-Image-2022-02-21-at-3.56.17-PM-3.jpeg 1034w\" sizes=\"auto, (max-width: 980px) 100vw, 980px\" \/>\t\t\t\t\t\t\t\t\t\t\t\t\t\t\t<\/div>\n\t\t\t\t<\/div>\n\t\t\t\t\t<\/div>\n\t\t<\/div>\n\t\t\t\t<div class=\"elementor-column elementor-col-33 elementor-top-column elementor-element elementor-element-22cbc31\" data-id=\"22cbc31\" data-element_type=\"column\">\n\t\t\t<div class=\"elementor-widget-wrap elementor-element-populated\">\n\t\t\t\t\t\t\t\t<div class=\"elementor-element elementor-element-66b355d elementor-widget elementor-widget-image\" data-id=\"66b355d\" data-element_type=\"widget\" data-widget_type=\"image.default\">\n\t\t\t\t<div class=\"elementor-widget-container\">\n\t\t\t\t\t\t\t\t\t\t\t\t\t\t\t<img loading=\"lazy\" decoding=\"async\" width=\"869\" height=\"1024\" src=\"https:\/\/www.amigosdelcrochet.com\/wp-content\/uploads\/2022\/02\/WhatsApp-Image-2022-02-21-at-3.56.17-PM-2-869x1024.jpeg\" class=\"attachment-large size-large wp-image-870\" alt=\"\" srcset=\"https:\/\/www.amigosdelcrochet.com\/wp-content\/uploads\/2022\/02\/WhatsApp-Image-2022-02-21-at-3.56.17-PM-2-869x1024.jpeg 869w, https:\/\/www.amigosdelcrochet.com\/wp-content\/uploads\/2022\/02\/WhatsApp-Image-2022-02-21-at-3.56.17-PM-2-255x300.jpeg 255w, https:\/\/www.amigosdelcrochet.com\/wp-content\/uploads\/2022\/02\/WhatsApp-Image-2022-02-21-at-3.56.17-PM-2-768x905.jpeg 768w, https:\/\/www.amigosdelcrochet.com\/wp-content\/uploads\/2022\/02\/WhatsApp-Image-2022-02-21-at-3.56.17-PM-2.jpeg 917w\" sizes=\"auto, (max-width: 869px) 100vw, 869px\" \/>\t\t\t\t\t\t\t\t\t\t\t\t\t\t\t<\/div>\n\t\t\t\t<\/div>\n\t\t\t\t\t<\/div>\n\t\t<\/div>\n\t\t\t\t\t\t\t<\/div>\n\t\t<\/section>\n\t\t\t\t<section class=\"elementor-section elementor-top-section elementor-element elementor-element-6319ae9 elementor-section-boxed elementor-section-height-default elementor-section-height-default\" data-id=\"6319ae9\" data-element_type=\"section\">\n\t\t\t\t\t\t<div class=\"elementor-container elementor-column-gap-default\">\n\t\t\t\t\t<div class=\"elementor-column elementor-col-33 elementor-top-column elementor-element elementor-element-7dd0115\" data-id=\"7dd0115\" data-element_type=\"column\">\n\t\t\t<div class=\"elementor-widget-wrap elementor-element-populated\">\n\t\t\t\t\t\t\t\t<div class=\"elementor-element elementor-element-db6d425 elementor-widget elementor-widget-button\" data-id=\"db6d425\" data-element_type=\"widget\" data-widget_type=\"button.default\">\n\t\t\t\t<div class=\"elementor-widget-container\">\n\t\t\t\t\t<div class=\"elementor-button-wrapper\">\n\t\t\t<a href=\"https:\/\/instagram.com\/knittingfriends_manualidades\" class=\"elementor-button-link elementor-button elementor-size-sm\" role=\"button\">\n\t\t\t\t\t\t<span class=\"elementor-button-content-wrapper\">\n\t\t\t\t\t\t<span class=\"elementor-button-text\">Haz clic aqu\u00ed<\/span>\n\t\t<\/span>\n\t\t\t\t\t<\/a>\n\t\t<\/div>\n\t\t\t\t<\/div>\n\t\t\t\t<\/div>\n\t\t\t\t\t<\/div>\n\t\t<\/div>\n\t\t\t\t<div class=\"elementor-column elementor-col-33 elementor-top-column elementor-element elementor-element-221dac7\" data-id=\"221dac7\" data-element_type=\"column\">\n\t\t\t<div class=\"elementor-widget-wrap elementor-element-populated\">\n\t\t\t\t\t\t\t\t<div class=\"elementor-element elementor-element-02f79df elementor-widget elementor-widget-image\" data-id=\"02f79df\" data-element_type=\"widget\" data-widget_type=\"image.default\">\n\t\t\t\t<div class=\"elementor-widget-container\">\n\t\t\t\t\t\t\t\t\t\t\t\t\t\t\t<img loading=\"lazy\" decoding=\"async\" width=\"450\" height=\"393\" src=\"https:\/\/www.amigosdelcrochet.com\/wp-content\/uploads\/2022\/02\/WhatsApp-Image-2022-02-21-at-4.05.04-PM.jpeg\" class=\"attachment-large size-large wp-image-877\" alt=\"\" srcset=\"https:\/\/www.amigosdelcrochet.com\/wp-content\/uploads\/2022\/02\/WhatsApp-Image-2022-02-21-at-4.05.04-PM.jpeg 450w, https:\/\/www.amigosdelcrochet.com\/wp-content\/uploads\/2022\/02\/WhatsApp-Image-2022-02-21-at-4.05.04-PM-300x262.jpeg 300w\" sizes=\"auto, (max-width: 450px) 100vw, 450px\" \/>\t\t\t\t\t\t\t\t\t\t\t\t\t\t\t<\/div>\n\t\t\t\t<\/div>\n\t\t\t\t\t<\/div>\n\t\t<\/div>\n\t\t\t\t<div class=\"elementor-column elementor-col-33 elementor-top-column elementor-element elementor-element-e692477\" data-id=\"e692477\" data-element_type=\"column\">\n\t\t\t<div class=\"elementor-widget-wrap elementor-element-populated\">\n\t\t\t\t\t\t\t\t<div class=\"elementor-element elementor-element-111a960 elementor-widget elementor-widget-image\" data-id=\"111a960\" data-element_type=\"widget\" data-widget_type=\"image.default\">\n\t\t\t\t<div class=\"elementor-widget-container\">\n\t\t\t\t\t\t\t\t\t\t\t\t\t\t\t<img loading=\"lazy\" decoding=\"async\" width=\"795\" height=\"662\" src=\"https:\/\/www.amigosdelcrochet.com\/wp-content\/uploads\/2022\/02\/WhatsApp-Image-2022-02-21-at-4.05.04-PM-1.jpeg\" class=\"attachment-large size-large wp-image-876\" alt=\"\" srcset=\"https:\/\/www.amigosdelcrochet.com\/wp-content\/uploads\/2022\/02\/WhatsApp-Image-2022-02-21-at-4.05.04-PM-1.jpeg 795w, https:\/\/www.amigosdelcrochet.com\/wp-content\/uploads\/2022\/02\/WhatsApp-Image-2022-02-21-at-4.05.04-PM-1-300x250.jpeg 300w, https:\/\/www.amigosdelcrochet.com\/wp-content\/uploads\/2022\/02\/WhatsApp-Image-2022-02-21-at-4.05.04-PM-1-768x640.jpeg 768w\" sizes=\"auto, (max-width: 795px) 100vw, 795px\" \/>\t\t\t\t\t\t\t\t\t\t\t\t\t\t\t<\/div>\n\t\t\t\t<\/div>\n\t\t\t\t\t<\/div>\n\t\t<\/div>\n\t\t\t\t\t\t\t<\/div>\n\t\t<\/section>\n\t\t\t\t<section class=\"elementor-section elementor-top-section elementor-element elementor-element-6ee08c0 elementor-section-boxed elementor-section-height-default elementor-section-height-default\" data-id=\"6ee08c0\" data-element_type=\"section\">\n\t\t\t\t\t\t<div class=\"elementor-container elementor-column-gap-default\">\n\t\t\t\t\t<div class=\"elementor-column elementor-col-33 elementor-top-column elementor-element elementor-element-58f907c\" data-id=\"58f907c\" data-element_type=\"column\">\n\t\t\t<div class=\"elementor-widget-wrap elementor-element-populated\">\n\t\t\t\t\t\t\t\t<div class=\"elementor-element elementor-element-b67ad6e elementor-widget elementor-widget-image\" data-id=\"b67ad6e\" data-element_type=\"widget\" data-widget_type=\"image.default\">\n\t\t\t\t<div class=\"elementor-widget-container\">\n\t\t\t\t\t\t\t\t\t\t\t\t\t\t\t<img loading=\"lazy\" decoding=\"async\" width=\"570\" height=\"428\" src=\"https:\/\/www.amigosdelcrochet.com\/wp-content\/uploads\/2022\/02\/WhatsApp-Image-2022-02-21-at-4.05.04-PM-2.jpeg\" class=\"attachment-large size-large wp-image-875\" alt=\"\" srcset=\"https:\/\/www.amigosdelcrochet.com\/wp-content\/uploads\/2022\/02\/WhatsApp-Image-2022-02-21-at-4.05.04-PM-2.jpeg 570w, https:\/\/www.amigosdelcrochet.com\/wp-content\/uploads\/2022\/02\/WhatsApp-Image-2022-02-21-at-4.05.04-PM-2-300x225.jpeg 300w\" sizes=\"auto, (max-width: 570px) 100vw, 570px\" \/>\t\t\t\t\t\t\t\t\t\t\t\t\t\t\t<\/div>\n\t\t\t\t<\/div>\n\t\t\t\t\t<\/div>\n\t\t<\/div>\n\t\t\t\t<div class=\"elementor-column elementor-col-33 elementor-top-column elementor-element elementor-element-517a46c\" data-id=\"517a46c\" data-element_type=\"column\">\n\t\t\t<div class=\"elementor-widget-wrap elementor-element-populated\">\n\t\t\t\t\t\t\t\t<div class=\"elementor-element elementor-element-6487388 elementor-widget elementor-widget-image\" data-id=\"6487388\" data-element_type=\"widget\" data-widget_type=\"image.default\">\n\t\t\t\t<div class=\"elementor-widget-container\">\n\t\t\t\t\t\t\t\t\t\t\t\t\t\t\t<img loading=\"lazy\" decoding=\"async\" width=\"685\" height=\"1024\" src=\"https:\/\/www.amigosdelcrochet.com\/wp-content\/uploads\/2022\/02\/WhatsApp-Image-2022-02-21-at-4.05.03-PM-685x1024.jpeg\" class=\"attachment-large size-large wp-image-874\" alt=\"\" srcset=\"https:\/\/www.amigosdelcrochet.com\/wp-content\/uploads\/2022\/02\/WhatsApp-Image-2022-02-21-at-4.05.03-PM-685x1024.jpeg 685w, https:\/\/www.amigosdelcrochet.com\/wp-content\/uploads\/2022\/02\/WhatsApp-Image-2022-02-21-at-4.05.03-PM-201x300.jpeg 201w, https:\/\/www.amigosdelcrochet.com\/wp-content\/uploads\/2022\/02\/WhatsApp-Image-2022-02-21-at-4.05.03-PM-768x1148.jpeg 768w, https:\/\/www.amigosdelcrochet.com\/wp-content\/uploads\/2022\/02\/WhatsApp-Image-2022-02-21-at-4.05.03-PM-722x1080.jpeg 722w, https:\/\/www.amigosdelcrochet.com\/wp-content\/uploads\/2022\/02\/WhatsApp-Image-2022-02-21-at-4.05.03-PM.jpeg 850w\" sizes=\"auto, (max-width: 685px) 100vw, 685px\" \/>\t\t\t\t\t\t\t\t\t\t\t\t\t\t\t<\/div>\n\t\t\t\t<\/div>\n\t\t\t\t\t<\/div>\n\t\t<\/div>\n\t\t\t\t<div class=\"elementor-column elementor-col-33 elementor-top-column elementor-element elementor-element-a9ff154\" data-id=\"a9ff154\" data-element_type=\"column\">\n\t\t\t<div class=\"elementor-widget-wrap elementor-element-populated\">\n\t\t\t\t\t\t\t\t<div class=\"elementor-element elementor-element-c2520e4 elementor-widget elementor-widget-image\" data-id=\"c2520e4\" data-element_type=\"widget\" data-widget_type=\"image.default\">\n\t\t\t\t<div class=\"elementor-widget-container\">\n\t\t\t\t\t\t\t\t\t\t\t\t\t\t\t<img loading=\"lazy\" decoding=\"async\" width=\"450\" height=\"393\" src=\"https:\/\/www.amigosdelcrochet.com\/wp-content\/uploads\/2022\/02\/WhatsApp-Image-2022-02-21-at-4.05.04-PM.jpeg\" class=\"attachment-large size-large wp-image-877\" alt=\"\" srcset=\"https:\/\/www.amigosdelcrochet.com\/wp-content\/uploads\/2022\/02\/WhatsApp-Image-2022-02-21-at-4.05.04-PM.jpeg 450w, https:\/\/www.amigosdelcrochet.com\/wp-content\/uploads\/2022\/02\/WhatsApp-Image-2022-02-21-at-4.05.04-PM-300x262.jpeg 300w\" sizes=\"auto, (max-width: 450px) 100vw, 450px\" \/>\t\t\t\t\t\t\t\t\t\t\t\t\t\t\t<\/div>\n\t\t\t\t<\/div>\n\t\t\t\t\t<\/div>\n\t\t<\/div>\n\t\t\t\t\t\t\t<\/div>\n\t\t<\/section>\n\t\t\t\t\t\t\t<\/div>\n\t\t","protected":false},"excerpt":{"rendered":"<p>Estos lindos cactus requieren de pocos cuidados (s\u00f3lo tienes que regarlos con abundantes sonrisas diarias) Haz clic aqu\u00ed Haz clic aqu\u00ed<\/p>\n","protected":false},"author":1,"featured_media":0,"parent":0,"menu_order":0,"comment_status":"closed","ping_status":"closed","template":"","meta":{"footnotes":""},"class_list":["post-285","page","type-page","status-publish","hentry"],"_links":{"self":[{"href":"https:\/\/www.amigosdelcrochet.com\/index.php\/wp-json\/wp\/v2\/pages\/285","targetHints":{"allow":["GET"]}}],"collection":[{"href":"https:\/\/www.amigosdelcrochet.com\/index.php\/wp-json\/wp\/v2\/pages"}],"about":[{"href":"https:\/\/www.amigosdelcrochet.com\/index.php\/wp-json\/wp\/v2\/types\/page"}],"author":[{"embeddable":true,"href":"https:\/\/www.amigosdelcrochet.com\/index.php\/wp-json\/wp\/v2\/users\/1"}],"replies":[{"embeddable":true,"href":"https:\/\/www.amigosdelcrochet.com\/index.php\/wp-json\/wp\/v2\/comments?post=285"}],"version-history":[{"count":31,"href":"https:\/\/www.amigosdelcrochet.com\/index.php\/wp-json\/wp\/v2\/pages\/285\/revisions"}],"predecessor-version":[{"id":883,"href":"https:\/\/www.amigosdelcrochet.com\/index.php\/wp-json\/wp\/v2\/pages\/285\/revisions\/883"}],"wp:attachment":[{"href":"https:\/\/www.amigosdelcrochet.com\/index.php\/wp-json\/wp\/v2\/media?parent=285"}],"curies":[{"name":"wp","href":"https:\/\/api.w.org\/{rel}","templated":true}]}}