{"id":150,"date":"2021-12-18T16:41:37","date_gmt":"2021-12-18T15:41:37","guid":{"rendered":"https:\/\/www.amigosdelcrochet.com\/index.php\/mesmerize\/"},"modified":"2022-07-09T21:07:08","modified_gmt":"2022-07-09T19:07:08","slug":"mesmerize","status":"publish","type":"page","link":"https:\/\/www.amigosdelcrochet.com\/","title":{"rendered":"P\u00e1gina principal"},"content":{"rendered":"<div  id=\"overlappable-4\" style=\"background-color: #ffffff;\" data-label=\"Overlappable\" data-id=\"overlappable-4\" data-export-id=\"overlappable-4\" data-category=\"overlappable\" class=\"overlappable-4 content-section content-section-spacing\" data-overlap=\"true\"><div  class=\"gridContainer\"> <div  data-type=\"row\" class=\"row spaced-cols text-center\"><div  class=\"col-xs-12 col-sm-4 col-padding\"> <i  class=\"fa icon shadow-large-black aligncenter color1 fa-camera-retro reverse round large\"><\/i> <div  data-type=\"column\" class=\"\"> <h5  class=\"\">HAZLE UNA FOTO<\/h5> <p  class=\"\">Tener un amigurumi de tu mascota es muy sencillo. Primero hazle una foto que se vea bien guap@.<\/p><\/div> <\/div> <div  class=\"col-xs-12 col-sm-4 col-padding\"> <i  class=\"fa icon shadow-large-black aligncenter color1 fa-send reverse round large\"><\/i> <div  data-type=\"column\" class=\"\"><h5  class=\"\">ENV\u00cdANOSLA<\/h5> <p  class=\"\">Env\u00edanos la foto de tu amiguit@ de 4 patas. Puedes enviarla por instagram a @knittingfriends_manualidades.<\/p><\/div> <\/div> <div  class=\"col-xs-12 col-sm-4 col-padding\"> <i  class=\"fa icon fa-magic large shadow-large-black round aligncenter reverse color1\"><\/i> <div  data-type=\"column\" class=\"\"><h5  class=\"\">MAGIA<\/h5> <p  class=\"\">Nosotros haremos un amigurumi de crochet de tu mascota con mucho amor.<\/p><\/div> <\/div><\/div> <\/div><\/div><div  id=\"about-1\" style=\"background-color: #f5fafd;\" data-label=\"About\" data-id=\"about-1\" data-export-id=\"about-1\" data-category=\"about\" class=\"about-1 content-section\"><div  class=\"gridContainer\"> <div  class=\"row text-center\"><div  class=\"section-title-col\" data-type=\"column\">  <h2  class=\"\">Tejer amigurumis nunca fue tan f\u00e1cil<\/h2> <p  class=\"lead\">Tenemos muchos patrones disponibles para que puedas hacer los amigurumi de crochet t\u00fa mism@<\/p><\/div> <\/div> <div  class=\"row\"> <div  class=\"button-holder space-bottom space-bottom-small\" data-type=\"column\"> <a class=\"button color1\" href=\"https:\/\/www.amigosdelcrochet.com\/index.php\/patrones\" target=\"_blank\" data-cp-link=\"1\" rel=\"noopener\">Patrones<\/a><\/div> <div  class=\"col-xs bottom-xs flexbox image-group-bottom-3-img space-bottom-xs center-xs\"> <img decoding=\"async\"  class=\"left-img shadow-large-black\" data-size=\"500x300\" src=\"https:\/\/www.amigosdelcrochet.com\/wp-content\/uploads\/2021\/12\/photo1639302465.jpeg\" title=\"burrito crochet amigurumi 1\" alt=\"\"> <img decoding=\"async\"  class=\"center-img shadow-large-black\" data-size=\"500x300\" src=\"https:\/\/www.amigosdelcrochet.com\/wp-content\/uploads\/2021\/12\/photo1638358358-1.jpeg\" title=\"perrito crochet amigurumi 1\" alt=\"\"> <img decoding=\"async\"  class=\"right-img shadow-large-black\" data-size=\"500x300\" src=\"https:\/\/www.amigosdelcrochet.com\/wp-content\/uploads\/2021\/12\/photo1638368596.jpeg\" title=\"totoro crochet amigurumi 1\" alt=\"\"><\/div> <\/div><\/div> <\/div><div  id=\"content-13\" style=\"background-color: #f5fafd;\" data-label=\"Content\" data-id=\"content-2\" data-export-id=\"content-2\" data-category=\"content\" class=\"content-2 content-section content-section-spacing\"><div > <div  class=\"row middle-xs\"><div  class=\"col-sm-5 bg-image shadow-large-black\" data-bg=\"image\" style=\"background-image: url(&quot;https:\/\/www.amigosdelcrochet.com\/wp-content\/uploads\/2021\/12\/smartmockups_kx6axssf.jpg&quot;);\"><\/div> <div  class=\"col-sm-7 full-col-left-padding full-col-right-padding\"> <div  class=\"row\"> <div  data-type=\"column\" class=\"space-bottom-small content-title-col\">  <h2  class=\"\">Regalos pesonalizados<\/h2> <p  class=\"\">Un regalo personalizado es el regalo perfecto, porque est\u00e1 hecho pensando en algo que es especial para esa persona, y te prometo que le llegar\u00e1 al coraz\u00f3n y lo recordar\u00e1 toda la vida.<\/p><\/div> <\/div> <div  class=\"row spaced-cols \" data-type=\"row\"> <div  class=\"col-xs-6\" data-type=\"column\"> <h5  class=\"\">PERRITOS<\/h5> <p  class=\"\">Hacemos variedad de razas, por ejemplo:&nbsp;Schnauzers, Bichones, Bulldogs, Teckels, etc.<\/p><\/div> <div  class=\"col-xs-6\" data-type=\"column\"><h5  class=\"\">GATICOS<\/h5> <p  class=\"\">Hacemos lindos gatitos de diferentes colores y pelajes.<\/p><\/div> <div  class=\"col-xs-6\" data-type=\"column\"><h5  class=\"\">CARTOONS<\/h5> <p  class=\"\">Tambi\u00e9n hacemos dibujos animados como por ejemplo Pepa Pig, Picach\u00fa, Totoro, etc.<\/p><\/div> <div  class=\"col-xs-6\" data-type=\"column\"><h5  class=\"\">OTROS<\/h5> <p  class=\"\">Hacemos otros animalitos variados, por ejemplo, jirafitas, as\u00ed como cactus de crochet y mu\u00f1ecos de navidad.<\/p><\/div> <\/div><\/div> <\/div><\/div> <\/div><div  id=\"content-14\" style=\"background-color: #ffffff;\" data-label=\"Content\" data-id=\"content-3\" data-export-id=\"content-3\" data-category=\"content\" class=\"content-3 content-section content-section-spacing\"><div > <div  class=\"row middle-xs\"><div  class=\"col-sm-7 full-col-left-padding full-col-right-padding\"> <div  class=\"row\"><div  data-type=\"column\" class=\"space-bottom-small content-title-col\">  <h2  class=\"\">\u00bfC\u00f3mo hacer tu pedido?<\/h2> <p  class=\"\">Para pedirnos un amigurumi personalizado contacta con nosotros por mensaje directo en nuestro instagram @knittingfriends_manualidades. Env\u00edanos foto de tu amigo de 4 patas o elige un modelo de los que ya tenemos que te haya gustado para regalar, y te lo haremos llegar con una linda tarjeta donde puedes poner qui\u00e9n es el destinatario y el remitente en caso de que sea un regalo para otra persona.<\/p><\/div> <\/div> <div  class=\"row spaced-cols\" data-type=\"row\">   <div  class=\"col-xs-6\" data-type=\"column\"><a class=\"button blue\" href=\"https:\/\/www.instagram.com\/knittingfriends_manualidades\" target=\"_blank\" data-cp-link=\"1\" rel=\"noopener\">Visita nuestro Instagram<\/a> <\/div>  <\/div><\/div> <div  class=\"col-sm-5 bg-image shadow-large-black revert-classes-holder\" data-bg=\"image\" style=\"background-image: url(&quot;https:\/\/www.amigosdelcrochet.com\/wp-content\/uploads\/2021\/12\/cropped-smartmockups_kx6almiz.jpg&quot;);\"><\/div><\/div> <\/div><\/div><div  id=\"testimonials-5\" style=\"background-color: #ffffff;\" data-label=\"Testimonials\" data-id=\"testimonials-5\" data-export-id=\"testimonials-5\" data-category=\"testimonials\" class=\"testimonials-5 content-section content-section-spacing\"><div  class=\"gridContainer\"> <div  class=\"row\"><div  data-type=\"column\" class=\"section-title-col\"> <h2  class=\"\">Testimonios<\/h2> <p  class=\"lead\">Lo que dicen nuestros clientes<\/p><\/div> <\/div> <div  class=\"row spaced-cols content-center-sm\" data-type=\"row\"> <div  class=\"col-sm-4\"> <div  class=\"card y-move bordered\" data-type=\"column\"> <i  class=\"fa fa-quote-right icon color1 small quotation-icon\"><\/i> <p  class=\"text-center\">Le regal\u00e9 un perrito bulldog a mi sobrina que tiene obsesi\u00f3n con su mascota, y le encant\u00f3!!! No solo queda muy bonito como regalo sino que transmite cari\u00f1o y un v\u00ednculo especial.<\/p> <img decoding=\"async\"  src=\"https:\/\/www.amigosdelcrochet.com\/wp-content\/uploads\/2021\/12\/3.jpeg\" class=\"round icon\" title=\"3\" alt=\"\"> <h6  class=\"\">Marina<\/h6> <\/div> <\/div> <div  class=\"col-sm-4\"> <div  class=\"card y-move bordered\" data-type=\"column\"> <i  class=\"fa fa-quote-right icon color1 small quotation-icon\"><\/i> <p  class=\"text-center\">Le regal\u00e9 un amigurumi de Pepa Pig a mi hija que vive en \u00abPepa World\u00bb y ahora no la suelta. Su nueva amiga y compa\u00f1era, gracias.<\/p> <img decoding=\"async\"  src=\"https:\/\/www.amigosdelcrochet.com\/wp-content\/uploads\/2021\/12\/cropped-2.jpeg\" class=\"round icon\" title=\"cropped-2.jpeg\" alt=\"\"> <h6  class=\"\">Nicol\u00e1s<\/h6> <\/div> <\/div> <div  class=\"col-sm-4\"> <div  class=\"card y-move bordered\" data-type=\"column\"> <i  class=\"fa fa-quote-right icon color1 small quotation-icon\"><\/i> <p  class=\"text-center\">Le regal\u00e9 a mi hermana un mu\u00f1equito de crochet de su perrito Coco al que le tiene much\u00edsimo cari\u00f1o. Le gust\u00f3 much\u00edsimo, y qued\u00f3 precioso, muy parecido. Coco se qued\u00f3 en shock al ver a su hermano gemelo!<\/p> <img decoding=\"async\"  src=\"https:\/\/www.amigosdelcrochet.com\/wp-content\/uploads\/2021\/12\/5.jpeg\" class=\"round icon\" title=\"5\" alt=\"\"> <h6  class=\"\">Carolina<\/h6> <\/div> <\/div><\/div> <\/div><\/div><div  id=\"latest-news-1\" style=\"background-color: #f5fafd;\" data-label=\"Latest-news\" data-id=\"blog-section\" data-export-id=\"blog-section\" data-category=\"latest_news\" class=\"blog-section blog-section-standard content-section content-section-spacing\"><div  class=\"gridContainer\"> <div  class=\"row\"><div  data-type=\"column\" class=\"section-title-col\"> <h2  class=\"\">Visita nuestro Blog<\/h2> <p  class=\"lead\">En nuestro Blog tenemos material gratis para aprender a tejer amigurumis.<\/p><\/div> <\/div> <div  class=\"row\"> <div  data-type=\"row\" data-dynamic-columns=\"handled\" data-content-shortcode=\"mesmerize_latest_news\">\t\t<div class=\"row center-sm content-left-sm\">\n\t\t\t\t\t<div id=\"post-1207\" class=\"col-sm-6 col-md-4 space-bottom space-bottom-xs\">\n\t\t\t\t<div class=\"post-content card y-move bordered\">\n\t\t\t\t\t<div class=\"post-thumbnail\">\n   <a href=\"https:\/\/www.amigosdelcrochet.com\/index.php\/2022\/07\/20\/15-preguntas-frecuentes-sobre-amigurumis\/\" class=\"post-list-item-thumb \">\n      <img loading=\"lazy\" decoding=\"async\" width=\"951\" height=\"1231\" src=\"https:\/\/www.amigosdelcrochet.com\/wp-content\/uploads\/2022\/07\/WhatsApp-Image-2022-07-06-at-3.01.16-PM.jpeg\" class=\"attachment-post-thumbnail size-post-thumbnail wp-post-image\" alt=\"\" srcset=\"https:\/\/www.amigosdelcrochet.com\/wp-content\/uploads\/2022\/07\/WhatsApp-Image-2022-07-06-at-3.01.16-PM.jpeg 951w, https:\/\/www.amigosdelcrochet.com\/wp-content\/uploads\/2022\/07\/WhatsApp-Image-2022-07-06-at-3.01.16-PM-232x300.jpeg 232w, https:\/\/www.amigosdelcrochet.com\/wp-content\/uploads\/2022\/07\/WhatsApp-Image-2022-07-06-at-3.01.16-PM-791x1024.jpeg 791w, https:\/\/www.amigosdelcrochet.com\/wp-content\/uploads\/2022\/07\/WhatsApp-Image-2022-07-06-at-3.01.16-PM-768x994.jpeg 768w, https:\/\/www.amigosdelcrochet.com\/wp-content\/uploads\/2022\/07\/WhatsApp-Image-2022-07-06-at-3.01.16-PM-834x1080.jpeg 834w\" sizes=\"auto, (max-width: 951px) 100vw, 951px\" \/>   <\/a>\n<\/div>\n\t\t\t\t\t<div class=\"col-padding col-padding-xs\">\n\t\t\t\t\t\t<h3 class=\"post-title space-bottom-small\">\n\t\t\t\t\t\t\t<a href=\"https:\/\/www.amigosdelcrochet.com\/index.php\/2022\/07\/20\/15-preguntas-frecuentes-sobre-amigurumis\/\" rel=\"bookmark\">\n\t\t\t\t\t\t\t\t15 Preguntas Frecuentes sobre Amigurumis\t\t\t\t\t\t\t<\/a>\n\t\t\t\t\t\t<\/h3>\n\t\t\t\t\t\t<p>15 Preguntas Frecuentes sobre Amigurumis \u2764 \u00bfQu\u00e9 suele costarte m\u00e1s trabajo cuando haces amigurumis? \u00bfTienes dudas a la hora de tejerlos? \u00bfSe te hace dif\u00edcil bordar los detalles? \u00bfO no[&hellip;]<\/p>\n\t\t\t\t\t\t<a class=\"read-more link\" href=\"https:\/\/www.amigosdelcrochet.com\/index.php\/2022\/07\/20\/15-preguntas-frecuentes-sobre-amigurumis\/\">\n\t\t\t\t\t\t\tRead more\t\t\t\t\t\t<\/a>\n\t\t\t\t\t<\/div>\n\t\t\t\t<\/div>\n\t\t\t<\/div>\n\t\t\t\t\t\t<div id=\"post-911\" class=\"col-sm-6 col-md-4 space-bottom space-bottom-xs\">\n\t\t\t\t<div class=\"post-content card y-move bordered\">\n\t\t\t\t\t<div class=\"post-thumbnail\">\n   <a href=\"https:\/\/www.amigosdelcrochet.com\/index.php\/2022\/03\/22\/tips\/\" class=\"post-list-item-thumb \">\n      <img loading=\"lazy\" decoding=\"async\" width=\"1024\" height=\"761\" src=\"https:\/\/www.amigosdelcrochet.com\/wp-content\/uploads\/2022\/02\/WhatsApp-Image-2022-02-21-at-4.48.03-PM-2-1024x761.jpeg\" class=\"attachment-post-thumbnail size-post-thumbnail wp-post-image\" alt=\"\" srcset=\"https:\/\/www.amigosdelcrochet.com\/wp-content\/uploads\/2022\/02\/WhatsApp-Image-2022-02-21-at-4.48.03-PM-2-1024x761.jpeg 1024w, https:\/\/www.amigosdelcrochet.com\/wp-content\/uploads\/2022\/02\/WhatsApp-Image-2022-02-21-at-4.48.03-PM-2-300x223.jpeg 300w, https:\/\/www.amigosdelcrochet.com\/wp-content\/uploads\/2022\/02\/WhatsApp-Image-2022-02-21-at-4.48.03-PM-2-768x571.jpeg 768w, https:\/\/www.amigosdelcrochet.com\/wp-content\/uploads\/2022\/02\/WhatsApp-Image-2022-02-21-at-4.48.03-PM-2.jpeg 1242w\" sizes=\"auto, (max-width: 1024px) 100vw, 1024px\" \/>   <\/a>\n<\/div>\n\t\t\t\t\t<div class=\"col-padding col-padding-xs\">\n\t\t\t\t\t\t<h3 class=\"post-title space-bottom-small\">\n\t\t\t\t\t\t\t<a href=\"https:\/\/www.amigosdelcrochet.com\/index.php\/2022\/03\/22\/tips\/\" rel=\"bookmark\">\n\t\t\t\t\t\t\t\tTIPS\t\t\t\t\t\t\t<\/a>\n\t\t\t\t\t\t<\/h3>\n\t\t\t\t\t\t<p>Una t\u00e9cnica para saber m\u00e1s o menos que tan grande ser\u00e1 un trabajo :*\ud83d\udca1\u2764\ufe0fN\u00famero total de filas multiplicado por el n\u00famero de agujas utilizadas, dividido por 10 \ud83e\uddf6EJEMPLO\ud83e\uddf610 filas en[&hellip;]<\/p>\n\t\t\t\t\t\t<a class=\"read-more link\" href=\"https:\/\/www.amigosdelcrochet.com\/index.php\/2022\/03\/22\/tips\/\">\n\t\t\t\t\t\t\tRead more\t\t\t\t\t\t<\/a>\n\t\t\t\t\t<\/div>\n\t\t\t\t<\/div>\n\t\t\t<\/div>\n\t\t\t\t\t\t<div id=\"post-820\" class=\"col-sm-6 col-md-4 space-bottom space-bottom-xs\">\n\t\t\t\t<div class=\"post-content card y-move bordered\">\n\t\t\t\t\t<div class=\"post-thumbnail\">\n   <a href=\"https:\/\/www.amigosdelcrochet.com\/index.php\/2022\/02\/12\/una-muneca-para-cada-edad\/\" class=\"post-list-item-thumb \">\n      <img loading=\"lazy\" decoding=\"async\" width=\"1024\" height=\"635\" src=\"https:\/\/www.amigosdelcrochet.com\/wp-content\/uploads\/2022\/02\/WhatsApp-Image-2022-02-12-at-11.02.52-AM-3-1024x635.jpeg\" class=\"attachment-post-thumbnail size-post-thumbnail wp-post-image\" alt=\"\" srcset=\"https:\/\/www.amigosdelcrochet.com\/wp-content\/uploads\/2022\/02\/WhatsApp-Image-2022-02-12-at-11.02.52-AM-3-1024x635.jpeg 1024w, https:\/\/www.amigosdelcrochet.com\/wp-content\/uploads\/2022\/02\/WhatsApp-Image-2022-02-12-at-11.02.52-AM-3-300x186.jpeg 300w, https:\/\/www.amigosdelcrochet.com\/wp-content\/uploads\/2022\/02\/WhatsApp-Image-2022-02-12-at-11.02.52-AM-3-768x476.jpeg 768w, https:\/\/www.amigosdelcrochet.com\/wp-content\/uploads\/2022\/02\/WhatsApp-Image-2022-02-12-at-11.02.52-AM-3-1536x952.jpeg 1536w, https:\/\/www.amigosdelcrochet.com\/wp-content\/uploads\/2022\/02\/WhatsApp-Image-2022-02-12-at-11.02.52-AM-3.jpeg 1546w\" sizes=\"auto, (max-width: 1024px) 100vw, 1024px\" \/>   <\/a>\n<\/div>\n\t\t\t\t\t<div class=\"col-padding col-padding-xs\">\n\t\t\t\t\t\t<h3 class=\"post-title space-bottom-small\">\n\t\t\t\t\t\t\t<a href=\"https:\/\/www.amigosdelcrochet.com\/index.php\/2022\/02\/12\/una-muneca-para-cada-edad\/\" rel=\"bookmark\">\n\t\t\t\t\t\t\t\tUna mu\u00f1eca para cada edad\t\t\t\t\t\t\t<\/a>\n\t\t\t\t\t\t<\/h3>\n\t\t\t\t\t\t<p>La mu\u00f1eca\u00a0 en las manos de un ni\u00f1o\/a tiene\u00a0una importancia y una intimidad en el juego infantil\u00a0que no tienen los otros juguetes.\u00bfPor qu\u00e9 jugar con una mu\u00f1eca?La mu\u00f1eca es un[&hellip;]<\/p>\n\t\t\t\t\t\t<a class=\"read-more link\" href=\"https:\/\/www.amigosdelcrochet.com\/index.php\/2022\/02\/12\/una-muneca-para-cada-edad\/\">\n\t\t\t\t\t\t\tRead more\t\t\t\t\t\t<\/a>\n\t\t\t\t\t<\/div>\n\t\t\t\t<\/div>\n\t\t\t<\/div>\n\t\t\t\t<\/div>\n\t<\/div><\/div> <div  class=\"row\"><div  class=\"text-center\"> <a  class=\"button color1\" data-attr-shortcode=\"href:mesmerize_blog_link\" href=\"https:\/\/www.amigosdelcrochet.com\/index.php\/blog-2\/\">Ver nuestro Blog<\/a><\/div> <\/div><\/div><\/div><div  data-label=\"Counters\" data-id=\"counters--1\" data-export-id=\"counters-2\" data-category=\"counters\" class=\"counters-2 content-section content-section-spacing\" id=\"counters-1\" style=\"background-color: rgb(255, 255, 255);\"><div  class=\"gridContainer\"> <div  class=\"row text-center\"><div  class=\"section-title-col\" data-type=\"column\"> <h2  class=\"\">\u00bfQu\u00e9 nos define?<\/h2> <p  class=\"lead\">Usamos materiales naturales y \u00e9ticos con el medio ambiente, y creamos con mucho amor y pasi\u00f3n regalos personalizados para personas especiales <\/p><\/div> <\/div> <div  class=\"row\" data-type=\"row\"> <div  class=\"col-xs-12 col-sm-4 text-center space-bottom\"> <i  class=\"fa fa-envira icon color1\"><\/i> <h3  class=\"font-400\" data-min=\"0\" data-max=\"100\" data-duration=\"2000\" data-prefix=\"\" data-suffix=\"%\" data-countup=\"true\" style=\"display: inline-block;\"><\/h3> <h5  class=\"upper color2\">DIY SOSTENIBLE<\/h5><\/div> <div  class=\"col-xs-12 col-sm-4 text-center space-bottom\"><i  class=\"fa fa-smile-o icon color1\"><\/i> <h3  class=\"font-400\" data-min=\"0\" data-max=\"30\" data-duration=\"2000\" data-prefix=\"\" data-suffix=\"+\" data-countup=\"true\" style=\"display: inline-block;\"><\/h3> <h5  class=\"upper color2\">CLIENTES FELICES<\/h5><\/div> <div  class=\"col-xs-12 col-sm-4 text-center space-bottom\"><i  class=\"fa fa-trophy icon color1\"><\/i> <h3  class=\"font-400\" data-min=\"0\" data-max=\"100\" data-duration=\"2000\" data-prefix=\"\" data-suffix=\"%\" data-countup=\"true\" style=\"display: inline-block;\"><\/h3> <h5  class=\"upper color2\">PASI\u00d3N POR EL CROCHET<\/h5><\/div> <\/div><\/div> <\/div>","protected":false},"excerpt":{"rendered":"<p>HAZLE UNA FOTO Tener un amigurumi de tu mascota es muy sencillo. Primero hazle una foto que se vea bien guap@. ENV\u00cdANOSLA Env\u00edanos la foto de tu amiguit@ de 4 patas. Puedes enviarla por instagram a @knittingfriends_manualidades. MAGIA Nosotros haremos un amigurumi de crochet de tu mascota con mucho amor. Tejer amigurumis nunca fue tan&hellip; <br \/> <a class=\"read-more\" href=\"https:\/\/www.amigosdelcrochet.com\/index.php\/2022\/02\/12\/una-muneca-para-cada-edad\/\">Leer m\u00e1s<\/a><\/p>\n","protected":false},"author":1,"featured_media":120,"parent":0,"menu_order":0,"comment_status":"closed","ping_status":"closed","template":"page-templates\/homepage.php","meta":{"footnotes":""},"class_list":["post-150","page","type-page","status-publish","has-post-thumbnail","hentry"],"_links":{"self":[{"href":"https:\/\/www.amigosdelcrochet.com\/index.php\/wp-json\/wp\/v2\/pages\/150","targetHints":{"allow":["GET"]}}],"collection":[{"href":"https:\/\/www.amigosdelcrochet.com\/index.php\/wp-json\/wp\/v2\/pages"}],"about":[{"href":"https:\/\/www.amigosdelcrochet.com\/index.php\/wp-json\/wp\/v2\/types\/page"}],"author":[{"embeddable":true,"href":"https:\/\/www.amigosdelcrochet.com\/index.php\/wp-json\/wp\/v2\/users\/1"}],"replies":[{"embeddable":true,"href":"https:\/\/www.amigosdelcrochet.com\/index.php\/wp-json\/wp\/v2\/comments?post=150"}],"version-history":[{"count":9,"href":"https:\/\/www.amigosdelcrochet.com\/index.php\/wp-json\/wp\/v2\/pages\/150\/revisions"}],"predecessor-version":[{"id":1186,"href":"https:\/\/www.amigosdelcrochet.com\/index.php\/wp-json\/wp\/v2\/pages\/150\/revisions\/1186"}],"wp:featuredmedia":[{"embeddable":true,"href":"https:\/\/www.amigosdelcrochet.com\/index.php\/wp-json\/wp\/v2\/media\/120"}],"wp:attachment":[{"href":"https:\/\/www.amigosdelcrochet.com\/index.php\/wp-json\/wp\/v2\/media?parent=150"}],"curies":[{"name":"wp","href":"https:\/\/api.w.org\/{rel}","templated":true}]}}